{"id":65,"date":"2016-06-14T22:06:04","date_gmt":"2016-06-14T22:06:04","guid":{"rendered":"http:\/\/test.schweess-foeoess.de\/?page_id=65"},"modified":"2025-06-01T16:48:27","modified_gmt":"2025-06-01T16:48:27","slug":"history","status":"publish","type":"page","link":"http:\/\/test.schweess-foeoess.de\/?page_id=65","title":{"rendered":"Su jeng et loss (Bandgeschichte)"},"content":{"rendered":"<p><strong>Der Anfang<\/strong><\/p>\n<p><img fetchpriority=\"high\" decoding=\"async\" class=\"size-full wp-image-11 alignright\" src=\"http:\/\/test.schweess-foeoess.de\/wp-content\/uploads\/2016\/06\/ak1.jpg\" alt=\"ak1\" width=\"325\" height=\"228\" srcset=\"http:\/\/test.schweess-foeoess.de\/wp-content\/uploads\/2016\/06\/ak1.jpg 325w, http:\/\/test.schweess-foeoess.de\/wp-content\/uploads\/2016\/06\/ak1-300x210.jpg 300w\" sizes=\"(max-width: 325px) 100vw, 325px\" \/>Die Schweess F\u00f6\u00f6ss geh\u00f6ren zweifelsohne zu den \u201eOldies\u201c der D\u00fcrener Mundartszene, denn die sechs Bandmitglieder -fast alle schon im &#8222;Rentenalter&#8220;- machen nun schon seit 40 Jahren Musik.<\/p>\n<p><strong>Und so fing alles an<\/strong>:<br \/>Auf einem Oktoberfest in D\u00fcren-R\u00f6lsdorf im Jahre 1985 entstand aus einer \u201eBierlaune\u201c heraus bei Addy Clemens, Bernd Hahne ,Werner Meyer und Ingo Schloemer die Idee, es den K\u00f6lner Vorbildern Bl\u00e4ck F\u00f6\u00f6ss, H\u00f6hner, Paveier usw. nachzumachen. Die karnevalistische Hitparade wurde ab da \u201erauf- und runtergespielt\u201c und ein Name f\u00fcr das Quartett wurde auch schnell gefunden. Die Mundartband \u201eSchweess F\u00f6\u00f6ss\u201c war geboren.<br \/>Eine erste Heimat fand man bei der \u00f6rtlichen Karnevalsgesellschaft \u201eKick ens\u201c. Schon bald tingelte man aber nicht nur im Karneval, sondern auch bei Stra\u00dfen- und Dorffesten, Geburtstagen und Jubil\u00e4en herum.<\/p>\n<p><img decoding=\"async\" class=\" wp-image-35 alignleft\" src=\"http:\/\/test.schweess-foeoess.de\/wp-content\/uploads\/2016\/06\/sf_a_300.jpg\" alt=\"sf_a_300\" width=\"279\" height=\"210\" \/>Doch sp\u00e4testens nach 10 Jahren begann man ein eigenes Profil mit vielfach eigenen Texten zu entwickeln. Besonders die Herausgabe der sehr lokalbezogenen CD \u201eD\u00fcre, ons Stadt\u201c festigte den Ruf der Truppe als \u201e <strong>die etwas andere Mundartband<\/strong>\u201c.<\/p>\n<p><img decoding=\"async\" class=\"size-full wp-image-13 alignright\" src=\"http:\/\/test.schweess-foeoess.de\/wp-content\/uploads\/2016\/06\/ak3.jpg\" alt=\"ak3\" width=\"320\" height=\"213\" srcset=\"http:\/\/test.schweess-foeoess.de\/wp-content\/uploads\/2016\/06\/ak3.jpg 320w, http:\/\/test.schweess-foeoess.de\/wp-content\/uploads\/2016\/06\/ak3-300x200.jpg 300w\" sizes=\"(max-width: 320px) 100vw, 320px\" \/>Geradezu konsequent erscheint deshalb auch der Beschluss der Gruppe, sich von der Stimmungs- und Karnevalsmusik zu verabschieden. Der Bandname blieb, der Zusatz &#8222;Mundartisten&#8220; beschreibt eher die alternative musikalische Ausrichtung, denn musikalisch geht es heute quer durch alle Musikrichtungen: Ob Swing, Blues, Rock oder Beat, ob hart und laut oder leise und gef\u00fchlvoll; die Jungs schrecken vor nichts zur\u00fcck.<\/p>\n<p><img loading=\"lazy\" decoding=\"async\" class=\"size-full wp-image-14 alignleft\" src=\"http:\/\/test.schweess-foeoess.de\/wp-content\/uploads\/2016\/06\/ak4.jpg\" alt=\"ak4\" width=\"320\" height=\"213\" srcset=\"http:\/\/test.schweess-foeoess.de\/wp-content\/uploads\/2016\/06\/ak4.jpg 320w, http:\/\/test.schweess-foeoess.de\/wp-content\/uploads\/2016\/06\/ak4-300x200.jpg 300w\" sizes=\"(max-width: 320px) 100vw, 320px\" \/>Und so lautet das B\u00fchnenmotto der Schweess F\u00f6\u00f6ss im 40. Jahr:<br \/><strong>\u201e Mir sin op de road again, hann D\u00fcre und ons Sproch em Senn &#8230;&#8220;<\/strong><br \/>Wir freuen uns mit unseren Zuh\u00f6rern und treuen Fans auf noch viele tolle Konzerte.<\/p>\n<p>Also: <strong>He es ons Heimat, es ons Stadt, he rocke mir op platt!!<\/strong><\/p>\n<p><strong>Besonders stolz sind wir in diesem Zusammenhang, dass wir im Jahr 2022 den Heimatpreis der Stadt D\u00fcren bekommen haben. <\/strong><\/p>\n<p>Unsere\u00a0 \u201eeingefleischte Fan-Gemeinde\u201c\u00a0 hat sich schon l\u00e4ngst auf die festen Konzerttermine\u00a0 im Jahreskreis eingestellt:<\/p>\n<ul>\n<li>Im Fr\u00fchjahr oder im Sommer die Konzertreihe \u201cLocker vom Hocker\u201d im Kulturzentrum KOMM in D\u00fcren. Entweder auf der Studio-B\u00fchne oder im Biergarten hinter der &#8222;Pleu\u00df-M\u00fchle&#8220;.<\/li>\n<li>Im Sommer auf das traditionelle Konzert im idyllischen Biergarten des FRIESENHOFS in D\u00fcren-Kufferath und<\/li>\n<li>in der Vorweihnachtszeit auf die nicht nur stillen und besinnlichen Veranstaltungen \u201cJanz h\u00f6\u00f6sch\u201d in der Kulturfabrik BECKER &amp; FUNCK<\/li>\n<\/ul>\n<p><strong>Bandbesetzung\u00a0 2019<\/strong><\/p>\n<p><img loading=\"lazy\" decoding=\"async\" class=\"alignnone size-full wp-image-522\" src=\"http:\/\/test.schweess-foeoess.de\/wp-content\/uploads\/2019\/04\/Band1.jpg\" alt=\"\" width=\"800\" height=\"450\" srcset=\"http:\/\/test.schweess-foeoess.de\/wp-content\/uploads\/2019\/04\/Band1.jpg 800w, http:\/\/test.schweess-foeoess.de\/wp-content\/uploads\/2019\/04\/Band1-300x169.jpg 300w, http:\/\/test.schweess-foeoess.de\/wp-content\/uploads\/2019\/04\/Band1-768x432.jpg 768w\" sizes=\"(max-width: 800px) 100vw, 800px\" \/><\/p>\n\n\n<p><strong>Bandbesetzung 2021<\/strong><\/p>\n\n\n\n<figure class=\"wp-block-image size-large\"><img loading=\"lazy\" decoding=\"async\" width=\"1024\" height=\"841\" src=\"http:\/\/test.schweess-foeoess.de\/wp-content\/uploads\/2021\/06\/SF2021-1024x841.jpg\" alt=\"\" class=\"wp-image-623\" srcset=\"http:\/\/test.schweess-foeoess.de\/wp-content\/uploads\/2021\/06\/SF2021-1024x841.jpg 1024w, http:\/\/test.schweess-foeoess.de\/wp-content\/uploads\/2021\/06\/SF2021-300x246.jpg 300w, http:\/\/test.schweess-foeoess.de\/wp-content\/uploads\/2021\/06\/SF2021-768x631.jpg 768w, http:\/\/test.schweess-foeoess.de\/wp-content\/uploads\/2021\/06\/SF2021-1536x1262.jpg 1536w, http:\/\/test.schweess-foeoess.de\/wp-content\/uploads\/2021\/06\/SF2021.jpg 1597w\" sizes=\"(max-width: 1024px) 100vw, 1024px\" \/><\/figure>\n\n\n\n<p><strong>Bandbesetzung 2022<\/strong><\/p>\n\n\n\n<figure class=\"wp-block-image size-large\"><img loading=\"lazy\" decoding=\"async\" width=\"1024\" height=\"596\" src=\"http:\/\/test.schweess-foeoess.de\/wp-content\/uploads\/2022\/10\/Band-2022-Backspot-1024x596.jpg\" alt=\"\" class=\"wp-image-812\" srcset=\"http:\/\/test.schweess-foeoess.de\/wp-content\/uploads\/2022\/10\/Band-2022-Backspot-1024x596.jpg 1024w, http:\/\/test.schweess-foeoess.de\/wp-content\/uploads\/2022\/10\/Band-2022-Backspot-300x175.jpg 300w, http:\/\/test.schweess-foeoess.de\/wp-content\/uploads\/2022\/10\/Band-2022-Backspot-768x447.jpg 768w, http:\/\/test.schweess-foeoess.de\/wp-content\/uploads\/2022\/10\/Band-2022-Backspot-1536x894.jpg 1536w, http:\/\/test.schweess-foeoess.de\/wp-content\/uploads\/2022\/10\/Band-2022-Backspot-2048x1193.jpg 2048w\" sizes=\"(max-width: 1024px) 100vw, 1024px\" \/><\/figure>\n\n\n\n<h2 class=\"wp-block-heading\">Bandbesetzung 2025<\/h2>\n\n\n\n<div class=\"wp-block-cover\" style=\"min-height:524px;aspect-ratio:unset;\"><span aria-hidden=\"true\" class=\"wp-block-cover__background has-background-dim-0 has-background-dim\"><\/span><img loading=\"lazy\" decoding=\"async\" width=\"2560\" height=\"1437\" class=\"wp-block-cover__image-background wp-image-1023\" alt=\"\" src=\"http:\/\/test.schweess-foeoess.de\/wp-content\/uploads\/2025\/03\/Band2025-1-scaled.jpg\" data-object-fit=\"cover\" srcset=\"http:\/\/test.schweess-foeoess.de\/wp-content\/uploads\/2025\/03\/Band2025-1-scaled.jpg 2560w, http:\/\/test.schweess-foeoess.de\/wp-content\/uploads\/2025\/03\/Band2025-1-300x168.jpg 300w, http:\/\/test.schweess-foeoess.de\/wp-content\/uploads\/2025\/03\/Band2025-1-1024x575.jpg 1024w, http:\/\/test.schweess-foeoess.de\/wp-content\/uploads\/2025\/03\/Band2025-1-768x431.jpg 768w, http:\/\/test.schweess-foeoess.de\/wp-content\/uploads\/2025\/03\/Band2025-1-1536x862.jpg 1536w, http:\/\/test.schweess-foeoess.de\/wp-content\/uploads\/2025\/03\/Band2025-1-2048x1150.jpg 2048w\" sizes=\"(max-width: 2560px) 100vw, 2560px\" \/><div class=\"wp-block-cover__inner-container is-layout-flow wp-block-cover-is-layout-flow\">\n<p class=\"has-text-align-center has-large-font-size\"><\/p>\n<\/div><\/div>\n","protected":false},"excerpt":{"rendered":"<p>Der Anfang Die Schweess F\u00f6\u00f6ss geh\u00f6ren zweifelsohne zu den \u201eOldies\u201c der D\u00fcrener Mundartszene, denn die sechs Bandmitglieder -fast alle schon im &#8222;Rentenalter&#8220;- machen nun schon seit 40 Jahren Musik. Und so fing alles an:Auf einem Oktoberfest in D\u00fcren-R\u00f6lsdorf im Jahre 1985 entstand aus einer \u201eBierlaune\u201c heraus bei Addy Clemens, Bernd Hahne ,Werner Meyer und Ingo &hellip; <a href=\"http:\/\/test.schweess-foeoess.de\/?page_id=65\" class=\"more-link\"><span class=\"screen-reader-text\">Su jeng et loss (Bandgeschichte)<\/span> weiterlesen <span class=\"meta-nav\">&rarr;<\/span><\/a><\/p>\n","protected":false},"author":1,"featured_media":0,"parent":0,"menu_order":0,"comment_status":"closed","ping_status":"closed","template":"","meta":{"footnotes":""},"class_list":["post-65","page","type-page","status-publish","hentry"],"_links":{"self":[{"href":"http:\/\/test.schweess-foeoess.de\/index.php?rest_route=\/wp\/v2\/pages\/65","targetHints":{"allow":["GET"]}}],"collection":[{"href":"http:\/\/test.schweess-foeoess.de\/index.php?rest_route=\/wp\/v2\/pages"}],"about":[{"href":"http:\/\/test.schweess-foeoess.de\/index.php?rest_route=\/wp\/v2\/types\/page"}],"author":[{"embeddable":true,"href":"http:\/\/test.schweess-foeoess.de\/index.php?rest_route=\/wp\/v2\/users\/1"}],"replies":[{"embeddable":true,"href":"http:\/\/test.schweess-foeoess.de\/index.php?rest_route=%2Fwp%2Fv2%2Fcomments&post=65"}],"version-history":[{"count":15,"href":"http:\/\/test.schweess-foeoess.de\/index.php?rest_route=\/wp\/v2\/pages\/65\/revisions"}],"predecessor-version":[{"id":1152,"href":"http:\/\/test.schweess-foeoess.de\/index.php?rest_route=\/wp\/v2\/pages\/65\/revisions\/1152"}],"wp:attachment":[{"href":"http:\/\/test.schweess-foeoess.de\/index.php?rest_route=%2Fwp%2Fv2%2Fmedia&parent=65"}],"curies":[{"name":"wp","href":"https:\/\/api.w.org\/{rel}","templated":true}]}}

<p><strong>Der Anfang</strong></p>
<p><img fetchpriority="high" decoding="async" class="size-full wp-image-11 alignright" src="http://test.schweess-foeoess.de/wp-content/uploads/2016/06/ak1.jpg" alt="ak1" width="325" height="228" srcset="http://test.schweess-foeoess.de/wp-content/uploads/2016/06/ak1.jpg 325w, http://test.schweess-foeoess.de/wp-content/uploads/2016/06/ak1-300x210.jpg 300w" sizes="(max-width: 325px) 100vw, 325px" />Die Schweess Fööss gehören zweifelsohne zu den „Oldies“ der Dürener Mundartszene, denn die sechs Bandmitglieder -fast alle schon im &#8222;Rentenalter&#8220;- machen nun schon seit 40 Jahren Musik.</p>
<p><strong>Und so fing alles an</strong>:<br />Auf einem Oktoberfest in Düren-Rölsdorf im Jahre 1985 entstand aus einer „Bierlaune“ heraus bei Addy Clemens, Bernd Hahne ,Werner Meyer und Ingo Schloemer die Idee, es den Kölner Vorbildern Bläck Fööss, Höhner, Paveier usw. nachzumachen. Die karnevalistische Hitparade wurde ab da „rauf- und runtergespielt“ und ein Name für das Quartett wurde auch schnell gefunden. Die Mundartband „Schweess Fööss“ war geboren.<br />Eine erste Heimat fand man bei der örtlichen Karnevalsgesellschaft „Kick ens“. Schon bald tingelte man aber nicht nur im Karneval, sondern auch bei Straßen- und Dorffesten, Geburtstagen und Jubiläen herum.</p>
<p><img decoding="async" class=" wp-image-35 alignleft" src="http://test.schweess-foeoess.de/wp-content/uploads/2016/06/sf_a_300.jpg" alt="sf_a_300" width="279" height="210" />Doch spätestens nach 10 Jahren begann man ein eigenes Profil mit vielfach eigenen Texten zu entwickeln. Besonders die Herausgabe der sehr lokalbezogenen CD „Düre, ons Stadt“ festigte den Ruf der Truppe als „ <strong>die etwas andere Mundartband</strong>“.</p>
<p><img decoding="async" class="size-full wp-image-13 alignright" src="http://test.schweess-foeoess.de/wp-content/uploads/2016/06/ak3.jpg" alt="ak3" width="320" height="213" srcset="http://test.schweess-foeoess.de/wp-content/uploads/2016/06/ak3.jpg 320w, http://test.schweess-foeoess.de/wp-content/uploads/2016/06/ak3-300x200.jpg 300w" sizes="(max-width: 320px) 100vw, 320px" />Geradezu konsequent erscheint deshalb auch der Beschluss der Gruppe, sich von der Stimmungs- und Karnevalsmusik zu verabschieden. Der Bandname blieb, der Zusatz &#8222;Mundartisten&#8220; beschreibt eher die alternative musikalische Ausrichtung, denn musikalisch geht es heute quer durch alle Musikrichtungen: Ob Swing, Blues, Rock oder Beat, ob hart und laut oder leise und gefühlvoll; die Jungs schrecken vor nichts zurück.</p>
<p><img loading="lazy" decoding="async" class="size-full wp-image-14 alignleft" src="http://test.schweess-foeoess.de/wp-content/uploads/2016/06/ak4.jpg" alt="ak4" width="320" height="213" srcset="http://test.schweess-foeoess.de/wp-content/uploads/2016/06/ak4.jpg 320w, http://test.schweess-foeoess.de/wp-content/uploads/2016/06/ak4-300x200.jpg 300w" sizes="(max-width: 320px) 100vw, 320px" />Und so lautet das Bühnenmotto der Schweess Fööss im 40. Jahr:<br /><strong>„ Mir sin op de road again, hann Düre und ons Sproch em Senn &#8230;&#8220;</strong><br />Wir freuen uns mit unseren Zuhörern und treuen Fans auf noch viele tolle Konzerte.</p>
<p>Also: <strong>He es ons Heimat, es ons Stadt, he rocke mir op platt!!</strong></p>
<p><strong>Besonders stolz sind wir in diesem Zusammenhang, dass wir im Jahr 2022 den Heimatpreis der Stadt Düren bekommen haben. </strong></p>
<p>Unsere  „eingefleischte Fan-Gemeinde“  hat sich schon längst auf die festen Konzerttermine  im Jahreskreis eingestellt:</p>
<ul>
<li>Im Frühjahr oder im Sommer die Konzertreihe “Locker vom Hocker” im Kulturzentrum KOMM in Düren. Entweder auf der Studio-Bühne oder im Biergarten hinter der &#8222;Pleuß-Mühle&#8220;.</li>
<li>Im Sommer auf das traditionelle Konzert im idyllischen Biergarten des FRIESENHOFS in Düren-Kufferath und</li>
<li>in der Vorweihnachtszeit auf die nicht nur stillen und besinnlichen Veranstaltungen “Janz höösch” in der Kulturfabrik BECKER &amp; FUNCK</li>
</ul>
<p><strong>Bandbesetzung  2019</strong></p>
<p><img loading="lazy" decoding="async" class="alignnone size-full wp-image-522" src="http://test.schweess-foeoess.de/wp-content/uploads/2019/04/Band1.jpg" alt="" width="800" height="450" srcset="http://test.schweess-foeoess.de/wp-content/uploads/2019/04/Band1.jpg 800w, http://test.schweess-foeoess.de/wp-content/uploads/2019/04/Band1-300x169.jpg 300w, http://test.schweess-foeoess.de/wp-content/uploads/2019/04/Band1-768x432.jpg 768w" sizes="(max-width: 800px) 100vw, 800px" /></p>


<p><strong>Bandbesetzung 2021</strong></p>



<figure class="wp-block-image size-large"><img loading="lazy" decoding="async" width="1024" height="841" src="http://test.schweess-foeoess.de/wp-content/uploads/2021/06/SF2021-1024x841.jpg" alt="" class="wp-image-623" srcset="http://test.schweess-foeoess.de/wp-content/uploads/2021/06/SF2021-1024x841.jpg 1024w, http://test.schweess-foeoess.de/wp-content/uploads/2021/06/SF2021-300x246.jpg 300w, http://test.schweess-foeoess.de/wp-content/uploads/2021/06/SF2021-768x631.jpg 768w, http://test.schweess-foeoess.de/wp-content/uploads/2021/06/SF2021-1536x1262.jpg 1536w, http://test.schweess-foeoess.de/wp-content/uploads/2021/06/SF2021.jpg 1597w" sizes="(max-width: 1024px) 100vw, 1024px" /></figure>



<p><strong>Bandbesetzung 2022</strong></p>



<figure class="wp-block-image size-large"><img loading="lazy" decoding="async" width="1024" height="596" src="http://test.schweess-foeoess.de/wp-content/uploads/2022/10/Band-2022-Backspot-1024x596.jpg" alt="" class="wp-image-812" srcset="http://test.schweess-foeoess.de/wp-content/uploads/2022/10/Band-2022-Backspot-1024x596.jpg 1024w, http://test.schweess-foeoess.de/wp-content/uploads/2022/10/Band-2022-Backspot-300x175.jpg 300w, http://test.schweess-foeoess.de/wp-content/uploads/2022/10/Band-2022-Backspot-768x447.jpg 768w, http://test.schweess-foeoess.de/wp-content/uploads/2022/10/Band-2022-Backspot-1536x894.jpg 1536w, http://test.schweess-foeoess.de/wp-content/uploads/2022/10/Band-2022-Backspot-2048x1193.jpg 2048w" sizes="(max-width: 1024px) 100vw, 1024px" /></figure>



<h2 class="wp-block-heading">Bandbesetzung 2025</h2>



<div class="wp-block-cover" style="min-height:524px;aspect-ratio:unset;"><span aria-hidden="true" class="wp-block-cover__background has-background-dim-0 has-background-dim"></span><img loading="lazy" decoding="async" width="2560" height="1437" class="wp-block-cover__image-background wp-image-1023" alt="" src="http://test.schweess-foeoess.de/wp-content/uploads/2025/03/Band2025-1-scaled.jpg" data-object-fit="cover" srcset="http://test.schweess-foeoess.de/wp-content/uploads/2025/03/Band2025-1-scaled.jpg 2560w, http://test.schweess-foeoess.de/wp-content/uploads/2025/03/Band2025-1-300x168.jpg 300w, http://test.schweess-foeoess.de/wp-content/uploads/2025/03/Band2025-1-1024x575.jpg 1024w, http://test.schweess-foeoess.de/wp-content/uploads/2025/03/Band2025-1-768x431.jpg 768w, http://test.schweess-foeoess.de/wp-content/uploads/2025/03/Band2025-1-1536x862.jpg 1536w, http://test.schweess-foeoess.de/wp-content/uploads/2025/03/Band2025-1-2048x1150.jpg 2048w" sizes="(max-width: 2560px) 100vw, 2560px" /><div class="wp-block-cover__inner-container is-layout-flow wp-block-cover-is-layout-flow">
<p class="has-text-align-center has-large-font-size"></p>
</div></div>

<p>Der Anfang Die Schweess Fööss gehören zweifelsohne zu den „Oldies“ der Dürener Mundartszene, denn die sechs Bandmitglieder -fast alle schon im &#8222;Rentenalter&#8220;- machen nun schon seit 40 Jahren Musik. Und so fing alles an:Auf einem Oktoberfest in Düren-Rölsdorf im Jahre 1985 entstand aus einer „Bierlaune“ heraus bei Addy Clemens, Bernd Hahne ,Werner Meyer und Ingo &hellip; <a href="http://test.schweess-foeoess.de/?page_id=65" class="more-link"><span class="screen-reader-text">Su jeng et loss (Bandgeschichte)</span> weiterlesen <span class="meta-nav">&rarr;</span></a></p>
